5
Suppose -1705*t = -1791*t + 516. What is the greatest common divisor of t and 39?
3
Let s be 3 + 5*4 - (-903)/129. What is the greatest common divisor of 11355 and s?
15
Let a be (122/183)/(2/507). What is the greatest common factor of 4 and a?
1
Suppose h + 4*h = 2*x + 220, -2*h + 88 = -3*x. Suppose -86 - h = -10*t. What is the greatest common factor of 26 and t?
13
Let z be (1/(-3))/((-19)/6479*(-4)/(-12)). What is the greatest common divisor of z and 11?
11
Let c(s) = -s**3 - 20*s**2 - 35*s + 40. Let k be c(-18). Suppose -k*b + 20*b + 4 = 0. What is the highest common factor of b and 1?
1
Let s be 212/2 - 2/2. Let w = -91 - -87. Let p be (-7)/(105/(-620)) - w/6. What is the greatest common factor of p and s?
21
Let m(c) = -c**2 + 2*c + 2. Let v be (0 - 0)/((-8)/8). Let l be m(v). Let j be 82/6 + (-3)/(-9). Calculate the highest common divisor of l and j.
2
Let a(t) be the first derivative of t**4/2 - 7*t**3/3 + 9*t**2/2 - 8*t + 40. Let r be a(3). What is the greatest common divisor of 90 and r?
10
Suppose 2*s + 2*z - 4932 = 0, -2*s + 4912 = 129*z - 131*z. Calculate the greatest common divisor of s and 23.
23
Let u = 5322 - 5237. Calculate the highest common factor of 205 and u.
5
Suppose -35*k - 682 + 4770 + 637 = 0. What is the greatest common factor of k and 1512?
27
Let a(q) = -3*q**3 - 10*q**2 + 50*q - 9. Let r be a(-7). Calculate the greatest common factor of r and 795.
15
Let x(o) be the third derivative of 32*o**5/15 - 7*o**4/6 + 2*o**3/3 - o**2 + 30. Let v be x(3). What is the greatest common factor of 16 and v?
16
Suppose -75*g + 77*g = 224. Let d(o) = -25*o - 151. Let q be d(-7). What is the greatest common divisor of g and q?
8
Suppose -5*i = 3*j - 1311, -1459 = -3*j + 2*i - 169. Suppose j = -2*g + 11*g. Calculate the highest common divisor of g and 384.
48
Let z(l) = -5*l**3 - 24*l**2 + 38*l - 117. Let y be z(-9). Let k be 268/5 + (-4)/(-10). Calculate the highest common divisor of y and k.
54
Let g = -368 - -358. Let k be (-1395)/g*(-10)/(-15). What is the highest common factor of 31 and k?
31
Let z be ((-249)/6)/(8/(-16)). Suppose 191 - z = 2*w. Let u be (-2)/4 + 1168/32. What is the highest common divisor of w and u?
18
Let w be (-5250)/60*(-70)/25. Calculate the highest common divisor of w and 385.
35
Let a = 628 - 968. Let b = a + 600. Calculate the greatest common factor of 20 and b.
20
Let u = -27 - -41. Suppose u + 16 = 3*q. Let t(k) = 11*k**2 - 1276*k + 160. Let i be t(116). Calculate the highest common divisor of q and i.
10
Let g = -2 - 0. Let m be (6/12)/((-1)/12*g). Let s(z) = z**2 + 13*z - 13. Let h be s(-14). What is the highest common factor of h and m?
1
Suppose 2*d = -6, 4*n - 2*n + 3*d = -3. Suppose -n*r = 15*r - 5130. Calculate the greatest common divisor of r and 57.
57
Suppose 156*y - 151*y + 2*p - 448 = 0, 3*p + 3 = 0. Calculate the highest common divisor of 1278 and y.
18
Let p be ((-364)/273)/(4/(-258)*5/130). What is the greatest common factor of p and 344?
172
Let b(y) = -15*y**3 + 4*y**2 + 2*y. Let p be b(-1). Suppose p = -v + 2*w + 88, 0 = 5*w + 20. Calculate the highest common factor of v and 84.
21
Suppose 1716 = f - 27*z + 23*z, -3*z + 8534 = 5*f. What is the highest common factor of 56 and f?
28
Let p be ((3/30)/((-3)/(-305)))/((-31)/(-186)). Let k(z) = -670*z + 1. Let j be k(-1). What is the greatest common divisor of p and j?
61
Let y be ((-525)/9)/((-2)/6). Suppose -3*d - 4*o + 148 = 0, 0 = 3*d + 5*o - y + 26. What is the highest common divisor of d and 8?
8
Let q(n) = n**3 - 2*n**2 - 3*n + 4. Let m be q(-3). Let v = m + 28. Let x be 558/24 - (-1)/v. What is the greatest common factor of x and 207?
23
Suppose 2296 - 2574 + 5238 = 16*j. Calculate the greatest common divisor of j and 1395.
155
Let r be -2 + (2 - 1) + -1 + 47. Let h = -46 + r. Let j be (h - (3 + -4)) + 32. What is the highest common divisor of 80 and j?
16
Let l = -531 + 528. Let z be 125/25 - (-1 - (-1 - l)). Calculate the highest common divisor of 32 and z.
8
Let i = 133 - 25. Suppose -2*n + 0*c = 3*c + 183, -2*n - 208 = -2*c. Let m = -87 - n. What is the greatest common divisor of i and m?
12
Let g(m) = -46*m**2 - 8*m - 19. Let d be g(-2). Let y = d + 691. Calculate the highest common divisor of y and 36.
36
Let f be (-13)/(26/(-60))*4/5. Suppose -640 = 19*l - f*l. What is the greatest common factor of 80 and l?
16
Let i = -143 - -68. Let d be (-4)/6 - 875/i. What is the greatest common divisor of 451 and d?
11
Let y be (20/(-3))/((-9)/(-54)). Let p(n) = -n - 36. Let a be p(10). Let m = y - a. Calculate the greatest common factor of m and 6.
6
Suppose 5*f + 3*g = -809, -2*g = -4*f - 31 - 603. Let p be (-1)/(12/f)*3. What is the highest common factor of p and 180?
20
Suppose 103*r - 201*r = -103*r + 14310. What is the greatest common factor of r and 1113?
159
Let o = -86 + 101. Let l be -4*o/(-12) + 0. Let c be (31/5)/(l*(-2)/(-50)). Calculate the greatest common factor of 62 and c.
31
Let z(f) be the first derivative of f**4/4 - 2*f**3 - f**2/2 + 25. Let o be z(8). Calculate the highest common factor of 16 and o.
8
Let o = -14579 + 14605. Suppose -3*j + 2*y = -1868, -5*j + 0*y + 3128 = 4*y. Calculate the greatest common divisor of j and o.
26
Let z(p) = -p**2 - 12*p + 2. Let n be z(-16). Let s = n - -77. Calculate the highest common divisor of s and 80.
5
Let z(a) = -451*a - 4464. Let l be z(-10). Calculate the highest common factor of 18 and l.
2
Suppose n - 185 - 150 = 0. Suppose 0*s - 2*s = -5*g + n, g + 3*s = 50. Suppose 5*f - 2*p = 59, 5*f + 23 = p + 85. What is the highest common divisor of g and f?
13
Let b be 56/(-3*52/39 - -8). Calculate the greatest common divisor of b and 1491.
7
Let x be -5*(-3 - (-78)/30). Suppose -3*o = -x*k - 1512, 0*o - 2*k = -5*o + 2524. What is the greatest common divisor of o and 46?
46
Suppose 2*i = i - 4*k + 50, -158 = -3*i - 4*k. Let c be (2/(-3))/(8092/408 - 20). Calculate the greatest common factor of c and i.
2
Let t = -439 + 11803. Calculate the greatest common factor of 12 and t.
12
Suppose 13*s - 368 + 30 = 0. Let o be 3 - s/8 - (-2700)/48. What is the highest common divisor of o and 112?
56
Suppose 2054 = 5*o + o + 758. Calculate the highest common factor of o and 13878.
54
Let r(b) = -b**3 + 24*b**2 + 22*b + 127. Let k be r(25). Calculate the highest common factor of 1378 and k.
26
Suppose -38165 - 26373 = -43*d - 3*d. Calculate the highest common factor of d and 183.
61
Let u = -756 - -284. Let z = u + 491. What is the greatest common divisor of z and 2?
1
Suppose -5*r = -8*h - 6245 + 6866, 313 = 4*h - 5*r. Suppose 87 = 3*n - 210. What is the greatest common factor of h and n?
11
Let w = 250 - 84. Suppose i = d + 154, d - w = -i - 4*d. Calculate the highest common factor of 24 and i.
12
Suppose f + 5*v - 43 = 0, 5*f - 85 + 10 = 3*v. Let s be (3/(f/8))/(18/(-27)). Let t be ((-171)/3 - s)*-1. What is the highest common divisor of t and 5?
5
Let g(r) = r**3 + 8*r**2 + 5*r - 17. Let v be g(-7). Let z be (1 + v)/((-13)/221). What is the greatest common factor of z and 646?
34
Let c be 279492/84 - (-2)/(84/30). What is the highest common factor of c and 26?
26
Let m(c) = 8*c**2 - 2*c - 22. Let z be m(6). Suppose 3*h - k = z, -103 - 61 = -2*h - 2*k. What is the greatest common divisor of 60 and h?
12
Suppose 3*p + 5*r - 80 = r, r - 5 = 0. Suppose 19*k = 15*k + p. Suppose 0 = n - 9 + k. What is the highest common divisor of 16 and n?
4
Let f(t) = -t**3 + t**2 + 22*t - 61. Let u be f(4). Let q(c) = -c**3 - 22*c**2 - 38*c - 21. Let l be q(u). Calculate the highest common divisor of 252 and l.
84
Let z = 63 + -55. Let m be 7 - z - 21*-1. Suppose 0 = 2*h - 5*y + 15, 0*h + h - 5*y = -m. What is the highest common factor of h and 20?
5
Suppose -5*q - 20 = 0, -4*g = -6*g - q + 2. Let d(l) = 2*l**3 - 4*l**2 - 5*l + 14. Let u be d(g). Calculate the greatest common factor of 85 and u.
17
Suppose 0 = -2*m - 274 + 850. Suppose -3*j - m = -21*j. What is the highest common factor of 896 and j?
16
Let w = 277 + -143. Let g = -32 + 36. Suppose -3*j + 185 = 2*k, -2*j - 4*k - w = -g*j. Calculate the highest common divisor of 9 and j.
9
Let h(l) = 9*l**2 + 12*l - 105. Let y be h(-10). Let w = -639 + y. What is the greatest common divisor of 234 and w?
18
Suppose 3196*j - 3208*j + 3624 = 0. What is t